 second derivative of 1/20*o**5 - 1/3*o**4 + 0 - 5*o - 3/2*o**2 + 1/3*o**3. Suppose -a + 0 = -3. Calculate q(a).
-6
Let l(d) = -d**3 + 2 - 2*d + 0*d + d - 4*d**2. Let g(m) = m**3 + 10*m**2 + 8*m - 13. Let s be -11 + 3 + 1/(-1). Let b be g(s). Give l(b).
6
Let f(w) = -w - 5. Let t(q) = -3*q + 3*q**3 + 7*q - 1 - 3*q. Let i be t(1). Suppose i*x = x. What is f(x)?
-5
Let r(f) = 6*f + 4*f - 2*f - 7*f. Determine r(-1).
-1
Let r(i) = 2*i - 9. Let j(m) = m - 1. Let o(a) = j(a) - r(a). Determine o(6).
2
Let o(r) = 1. Let a(z) = 2*z - 8. Let l(v) = a(v) + 10*o(v). Calculate l(2).
6
Let z be 52/(-20) - 4/10. Let n be (6/(-3))/((-3)/6). Let r(g) = 5*g**2 - n*g**2 - g + g**2 + 4*g - 4. What is r(z)?
5
Let v = -2 - -10. Let w = v + -9. Let j(r) = 7*r**2. What is j(w)?
7
Let h(m) be the third derivative of -3*m**2 + 1/60*m**5 + 0 + 2/3*m**3 + 0*m - 1/24*m**4. Calculate h(0).
4
Let t(y) be the first derivative of y**4/4 + 2*y**3/3 - 2*y**2 + 2*y + 11. Suppose -2*z + z - 4 = 0. Give t(z).
-14
Let h = -6 + 6. Suppose -2*r + r - 4 = h. Let m(l) = 5 - 3 + l + 2. Determine m(r).
0
Let w be -3*2/6 + 2. Let j(h) = -3*h - 1. Give j(w).
-4
Let y(v) = -8*v**2 + 10*v**2 + 8*v**2. Suppose 0 = 7*b - 11*b - 4. Give y(b).
10
Let o(h) = -5*h + 1. Let k(d) = 2*d. Let l(f) = 4*k(f) + 2*o(f). What is l(5)?
-8
Let o(r) = r**2 + 9*r + 3. Let y be 3/(1 + 2)*-5. Give o(y).
-17
Let h(z) = 2*z**2 - 6*z + 1. Let i(g) = -3*g + 11. Let b be i(2). Determine h(b).
21
Let g(t) = -t**3 - 5*t**2 + 4. Let y = -7 + 3. What is g(y)?
-12
Let s = 17 + -12. Let k be (0 + -1)*s/1. Let m(r) = r**3 + 4*r**2 - 3*r + 5. Calculate m(k).
-5
Suppose -32 = 45*x - 41*x. Let k(n) = 2*n + 12. Calculate k(x).
-4
Let q(u) be the first derivative of -u**2/2 + 3*u - 3. Calculate q(-5).
8
Let f(j) = -j**3 - 5*j**2 - 5*j - 6. Suppose 2*i - 2*y + 26 = 3*i, 5*i - y = 97. Let d = i + -24. Calculate f(d).
-2
Let j(l) = l + 7. Let r(s) = s**3 + 7*s**2 + 5*s + 2. Let u be r(-4). Suppose -4*v - 2*h = u, -3*h = 3*v + h + 30. Determine j(v).
1
Let a(s) = -4*s - 4*s**3 - 17*s**2 + 3*s**3 + 24*s**2 - 8. Calculate a(6).
4
Let w(g) be the first derivative of 2*g**2 - 3*g - 13. Give w(2).
5
Let w(f) = 7*f - 29 - 13*f + 26. Suppose o + 15 = -5*u, u + 0*o + 27 = -5*o. Give w(u).
9
Let r(u) = 6 - 6*u + 5*u - u + 3*u. Give r(-4).
2
Suppose 3*s + h - 46 = 7*s, h + 14 = -s. Let w = s + 10. Let o(f) = -6*f - 2. Determine o(w).
10
Suppose 7 = -4*y - 5*x, 3*y + x + 1 = 4. Let o(c) = 1 - y*c + 4*c - 4*c. What is o(-2)?
5
Let y(a) be the first derivative of -a**6/120 - a**5/60 - a**4/24 + a**3/6 + a**2 - 2. Let z(f) be the second derivative of y(f). Determine z(1).
-2
Let m(y) be the first derivative of -y**2 + 0*y + 2/3*y**3 - 5. Determine m(2).
4
Let y(i) = -i**2 + 4*i. Suppose 2*u - 22 = 4*s, 5*u + 4 - 35 = 2*s. Suppose 0 = g + 3 - u. Suppose g*k = k + 5. Calculate y(k).
-5
Suppose 7 = l - u, 0 = -5*u - 2 - 8. Let y = -7 + l. Let n = 0 + y. Let b(j) = -j**3 + 2*j + 3. What is b(n)?
7
Let x(z) be the third derivative of -z**4/8 + z**3/6 - 8*z**2. Determine x(2).
-5
Suppose -2*g - 3 = -5. Let a(d) be the first derivative of -d**3/2 - d**2/2 + 3*d - 4. Let m(l) be the first derivative of a(l). Give m(g).
-4
Suppose -4*g + 5*o + 23 = 0, 0*g - 3*g - 4*o = 6. Suppose 0 = -g*p + s - 5, -8 = 5*p - 8*s + 4*s. Let i(j) = -j**3 - 5*j**2 - 4*j - 4. Calculate i(p).
-4
Let l = -149 + 138. Let r(k) = k**2 + 14*k + 16. Determine r(l).
-17
Let i(o) = -o**2 - 10*o + 4. Let q(v) = -v**2 - 11*v + 4. Let u(f) = 6*i(f) - 5*q(f). Calculate u(-3).
10
Let v be 2/((-15)/10 + 1). Let n(c) = -c**2 - c - 1. Calculate n(v).
-13
Let l(p) = -7*p + 9. Let x(z) = 11*z - 14. Let j(y) = 8*l(y) + 5*x(y). Let w(r) = -r - 2. Let f be w(0). What is j(f)?
4
Suppose 4*o - 8 = 4*f, -10 = -5*o - 2*f + 6*f. Suppose o*q + 14 = 4*q. Suppose q + 2 = 3*d. Let s(r) = r**3 - 3*r**2 - r + 2. Determine s(d).
-1
Let o(y) = 4*y. Let d(c) = 13*c. Let h be d(1). Let j(s) = -8*s - h*s + 3 - 4. Let k(m) = 2*j(m) + 11*o(m). Determine k(2).
2
Let l(u) be the first derivative of u**2 - 2*u - 13. Determine l(3).
4
Let u(f) be the third derivative of 5*f**4/24 + 2*f**3/3 + 7*f**2. Calculate u(-3).
-11
Let l(k) = -7*k**2 - 2*k - 1. Suppose 0 = 5*d + p + 1, 3*d - p = -8 + 1. Calculate l(d).
-6
Let j(m) = 10 - m**3 + m - 4 + 0*m. Let i(y) = y - 2. Suppose -3*c + 15 = 0, 3 = -2*f + 6*f - c. Let r be i(f). Calculate j(r).
6
Let o(l) = l**3 - 5*l**2 - 17*l + 14. Let i be o(7). Let t(x) = x**3 + 8*x**2 + 6*x + 3. Determine t(i).
10
Let g(k) = -k**3 + 6*k**2 + 7*k - 1. Suppose -4*u + 14 = -14. Let a be g(u). Let q(w) = -3*w. What is q(a)?
3
Let u = -11 + 22. Suppose -u + 8 = 3*h. Let s(k) = 2*k**3 + k**2 - 1. Determine s(h).
-2
Let h = 89 + -94. Let k(r) = -r**2 - 6*r - 5. Give k(h).
0
Suppose -t - 24 = -27. Let w(h) = -h**3 + 2*h**2 + 3*h + 2. Give w(t).
2
Let r(d) = d + 2. Let u be r(6). Let m = -11 + u. Let q(w) = -w**2 - 6*w - 3. Determine q(m).
6
Let h(p) = -p**2 - p - 1. Let b be 1/3*18/(-3). Let y = -3 - b. Give h(y).
-1
Let w(n) = n**3 - 3*n**2 - 3*n - 5. Let y be (-3 - 3 - -2)/(-1). Give w(y).
-1
Let z(u) = -4*u - 7. Let m(h) = 5*h + 7. Let y(n) = 5*m(n) + 6*z(n). Let o be y(7). Let k(s) = o + 2 - 2 + 6*s**2 + s. Calculate k(1).
7
Let b(q) = 2*q**2 - q. Let c = -3 + 5. Determine b(c).
6
Let o(u) = 5*u - 1. Let b(f) = f - 15. Let l be b(13). Let h = l - -3. Determine o(h).
4
Let v = 21 - 11. Suppose -c = 2*w - v, -5 = w - 3*c + 4. Let t(b) = -b + 3. Give t(w).
0
Let q(s) be the second derivative of -s**6/720 + 11*s**5/120 + s**4/6 - 3*s. Let r(d) be the third derivative of q(d). Give r(6).
5
Let d(c) = -c**3 - 2*c**2 + 4*c. Let z be (-14)/21*(-9)/2. Suppose -z*p + 3 = 3*b, -4*b = -p - b + 9. Suppose 5*t - p*t + 6 = 0. Calculate d(t).
-3
Let b be (8/(-10))/((-12)/30). Let j(c) = 1 + 6*c**2 - b*c + c + 3*c**3 - 3*c - 4*c**3. What is j(5)?
6
Let w(q) = -8*q - 2 + 4 + 5*q**3 + 4 - 4*q**3 - 4*q**2. What is w(5)?
-9
Let x(o) = -o - 1 + 0*o + 2*o. What is x(-1)?
-2
Suppose -3*s + 3*k = 12, -1 = s + 3*k - 13. Let t(y) = y + 17. Determine t(s).
17
Let j be (3/9)/1 + 145/15. Let s(u) = -u**3 + 11*u**2 - 11*u + 12. Give s(j).
2
Let p(z) = 15*z. Let n be p(1). Suppose -2*l + n = l. Let y(v) = 2*v - 1. Give y(l).
9
Suppose -c + 2*c = 0. Let g(l) be the third derivative of l**4/24 + 3*l**3/2 + 3*l**2. What is g(c)?
9
Let h(c) = c. Let u(a) = a**3 + 7*a**2 - 4. Let o = 12 + -19. Let v be u(o). What is h(v)?
-4
Let f(z) be the second derivative of -7*z**4/12 - z**3 - 3*z**2/2 + 2*z. Let a(k) = -4*k**2 - 3*k - 2. Let x(i) = -5*a(i) + 3*f(i). Give x(-4).
-3
Let d(k) = k - 5. Let y(s) = 3*s - 15. Let r(a) = 7*d(a) - 2*y(a). Suppose 3*o = 4*o - 3. Suppose -5*v - z = -23, -o*v - 3 = -4*v - z. What is r(v)?
0
Suppose 4*u + 8 = -16. Let t be (4/(-2))/(3/u). Let l(k) = 4*k**2 - 5*k**2 - 5*k**2 + t*k**2 - 1 - k. Calculate l(2).
-11
Let o be (-3)/(3/2) + -2. Let m(w) = 2*w - 5. Determine m(o).
-13
Let f be 6/(-9) - (-1)/(-3). Let y(l) = -2*l**3 + 2*l**2 + 4*l + 5. Let u(x) = 3*x**3 - x**2 - 3*x - 4. Let g(b) = 4*u(b) + 3*y(b). Determine g(f).
-5
Let w(p) = p**3 - p**2 + p + 5. Let j(z) = z**2 + z - 1. Let s(n) = -2*j(n) - w(n). Determine s(-2).
7
Let q(s) = 3 + 4 + 2*s**2 - 3*s**2 - 4. Let w(u) = -u**2 - 8*u - 7. Let r be w(-7). Calculate q(r).
3
Let c(v) = -v**2 + 5. Let m be c(0). Let i = -1 + m. Let y(g) be the second derivative of g**3/6 + g**2/2 - 2*g. Calculate y(i).
5
Let n(c) = 2*c**2 - 4*c + 6. Let a(x) = 2*x**2 + x**2 - 2*x**2. Let g(j) = 3*a(j) - n(j). What is g(-5)?
-1
Let s(i) = 53*i - 7*i**2 - 22*i + 7 - 32*i + i**3. What is s(7)?
0
Let u(c) be the third derivative of c**6/120 - 7*c**5/60 + 2*c**3/3 + 18*c**2. What is u(7)?
4
Let f be 2*(-2)/4 - -6. Let i(v) = -7*v**2 + v - 6. Let q(l) = -11*l**2 + 2*l - 9. Let r(c) = f*q(c) - 8*i(c). What is r(-3)?
6
Let z(r) be the second derivative of r**3/2 - 3*r**2 - 2*r. Let l be 4 + 17 + 0/2. Suppose -v + 4 = -2*q, 5*v - 4*q + 1 - l = 0. Determine z(v).
6
Suppose -6*o + 4*o = -6. Let q(v) be the second derivative of 1/2*v**3 - o*v - 1/20*v**5 - 1/3*v**4 + 0 + 0*v**2. Determine q(-5).
10
Let x(t) be the second derivative of 3*t + 2/3*t**3 + 0 + 0*t**2 - 1/12*t**4. Give x(4).
0
Let i(c) be the third derivative of -c**6/120 - c**5/30 + c**4/12 + c**3/3 - 7*c**2. What i